of 399367 and 2867?
61
What is the greatest common divisor of 3534494 and 3807?
47
What is the greatest common factor of 21 and 540284892?
21
Calculate the greatest common factor of 265 and 862126885.
265
What is the greatest common factor of 3484377 and 273?
39
What is the highest common factor of 64701 and 673218?
819
What is the highest common divisor of 2518 and 1905?
1
Calculate the greatest common divisor of 169526 and 3108.
14
What is the greatest common divisor of 483266 and 28?
14
Calculate the highest common factor of 562969209 and 66.
33
Calculate the highest common divisor of 8591 and 334807.
121
Calculate the highest common factor of 357 and 44973908.
119
What is the highest common divisor of 46240061 and 2649?
883
What is the highest common divisor of 948369 and 85263?
291
Calculate the highest common divisor of 53438640 and 6.
6
Calculate the highest common factor of 118946808 and 72.
72
What is the greatest common divisor of 79426929 and 2697?
93
What is the highest common factor of 470868970 and 590?
590
Calculate the greatest common factor of 82111456 and 21.
7
Calculate the highest common factor of 2698266 and 1216.
38
What is the highest common factor of 1190 and 14002322?
34
What is the highest common factor of 21235572 and 234?
18
What is the greatest common divisor of 3248 and 3139801?
203
Calculate the highest common divisor of 11606523 and 1908.
159
Calculate the greatest common divisor of 290060240 and 5.
5
What is the highest common divisor of 21077049 and 20934?
3489
Calculate the greatest common factor of 991861 and 7267.
169
Calculate the greatest common divisor of 38709 and 7654998.
1173
Calculate the highest common factor of 55 and 2547941.
11
Calculate the greatest common divisor of 1338400 and 63.
7
What is the highest common factor of 30 and 179145840?
30
What is the greatest common factor of 140 and 1501060?
20
What is the highest common divisor of 294825 and 14124083?
3931
Calculate the greatest common factor of 85701 and 396.
33
What is the greatest common factor of 1619 and 94878257?
1619
Calculate the greatest common factor of 7008 and 1286406000.
3504
What is the highest common factor of 1733782 and 3322?
302
What is the greatest common factor of 65327253 and 3093?
3093
Calculate the highest common divisor of 846048 and 192.
96
Calculate the highest common divisor of 30430 and 36006.
34
What is the highest common factor of 10334680 and 380920?
3560
Calculate the highest common factor of 14014 and 33186296.
286
What is the highest common factor of 19050 and 246910?
10
What is the greatest common factor of 22 and 81730231?
11
Calculate the highest common divisor of 945324 and 2484.
108
What is the greatest common factor of 1193210159 and 6217?
6217
Calculate the greatest common factor of 695187278 and 7108.
3554
What is the highest common factor of 572 and 15547246?
286
Calculate the greatest common factor of 129109750 and 875.
875
What is the greatest common divisor of 318759408 and 99?
99
Calculate the greatest common divisor of 23605106 and 266.
266
What is the greatest common divisor of 7954280 and 2350?
470
What is the greatest common factor of 186930 and 418080?
2010
Calculate the greatest common factor of 332475 and 3777350.
775
What is the greatest common divisor of 195462453 and 666?
111
Calculate the highest common divisor of 52794 and 633109.
419
Calculate the greatest common divisor of 985226 and 127072.
418
Calculate the greatest common factor of 110 and 458854.
22
What is the highest common factor of 15103956 and 49?
49
What is the greatest common divisor of 164406 and 30456?
282
What is the greatest common divisor of 682 and 46077427?
11
Calculate the highest common factor of 13 and 392582957.
13
Calculate the highest common divisor of 19548 and 10042.
2
What is the highest common divisor of 588 and 99001014?
42
Calculate the highest common divisor of 26728 and 2808.
104
Calculate the greatest common divisor of 1013164 and 136888.
964
Calculate the highest common divisor of 117351 and 8037039.
3009
What is the highest common divisor of 264564244 and 28?
28
What is the highest common divisor of 406332366 and 30448?
3806
What is the highest common factor of 438525 and 2385?
45
Calculate the greatest common divisor of 8526 and 10019471.
1421
Calculate the highest common divisor of 23850546 and 12.
6
Calculate the highest common factor of 8302213 and 328.
41
What is the greatest common divisor of 41214266 and 82?
82
Calculate the highest common divisor of 32 and 45593160.
8
Calculate the greatest common divisor of 216106 and 14641.
121
Calculate the greatest common factor of 20398227 and 1835.
367
Calculate the greatest common divisor of 1090775 and 22931.
23
Calculate the greatest common divisor of 1033 and 11155367.
1033
Calculate the greatest common factor of 836 and 9975361.
209
What is the highest common factor of 7051695 and 62101?
281
Calculate the greatest common divisor of 233480 and 336115.
65
What is the highest common factor of 17157 and 608622?
903
What is the highest common divisor of 2477996 and 234752?
524
Calculate the highest common factor of 12000 and 8870784.
96
What is the highest common factor of 119348690 and 10?
10
What is the highest common factor of 2283 and 10449?
3
Calculate the greatest common divisor of 320 and 1258239520.
160
What is the greatest common divisor of 352 and 18299744?
32
What is the highest common factor of 3014622 and 324?
18
What is the greatest common divisor of 34265 and 9531830?
385
What is the greatest common divisor of 12025 and 22536700?
925
Calculate the greatest common factor of 658431 and 360.
9
Calculate the greatest common factor of 7638862 and 308.
154
Calculate the greatest common divisor of 27391461 and 921.
921
What is the highest common factor of 637 and 635349?
13
Calculate the greatest common factor of 1452 and 690601692.
1452
Calculate the highest common factor of 18 and 16519014.
18
What is the highest common factor of 680 and 4757195?
85
Calculate the greatest common factor of 8598125 and 225.
25
Calculate the greatest common factor of 6030081 and 23907.
1839
Calculate the greatest common factor of 56 and 62639528.
56
Calculate the greatest common factor of 2011164380 and 1270.
1270
Calculate the highest common factor of 12 and 4237672.
4
What is the highest common divisor of 211893 and 4323?
33
Calculate the greatest common factor of 52 and 224882372.
52
Calculate the highest common divisor of 572814 and 34848.
2178
What is the highest common divisor of 965012 and 1336?
4
Calculate the highest common divisor of 3367239 and 1010.
101
What is the greatest common divisor of 1632 and 89935644?
204
What is the greatest common divisor of 5 and 5052505?
5
Calculate the greatest common factor of 369453 and 1971.
219
Calculate the greatest common factor of 773924 and 872.
4
What is the greatest common factor of 3715 and 21145?
5
What is the highest common factor of 148291360 and 12320?
1120
What is the greatest common factor of 1005 and 450296615?
335
What is the highest common divisor of 1590490 and 2860?
110
What is the greatest common divisor of 72 and 95041392?
24
Calculate the highest common factor of 28 and 50581979.
7
What is the greatest common factor of 15 and 10087185?
15
Calculate the greatest common divisor of 13428 and 332386641.
3357
Calculate the greatest common divisor of 411012 and 1274098.
98
What is the highest common factor of 102700900 and 40?
20
What is the greatest common divisor of 155035 and 5819185?
1535
Calculate the greatest common factor of 42 and 137164776.
42
Calculate the greatest common divisor of 157 and 1883017337.
157
What is the highest common factor of 6227 and 331593977?
6227
Calculate the highest common divisor of 384 and 1109316.
12
What is the highest common factor of 5554977 and 2303?
47
Calculate the greatest common factor of 1984149 and 37152.
1161
What is the greatest common factor of 16781373 and 4263?
147
What is the highest common factor of 15572754 and 66?
6
Calculate the greatest common factor of 9 and 70396047.
9
Calculate the highest common factor of 7047626 and 39566.
542
Calculate the greatest common factor of 142470 and 990.
90
Calculate the greatest common divisor of 1577471